1820 = -54*x + 56*x, 0 = 2*x - k - 1818. Calculate the remainder when x is divided by 27.
17
Suppose -2770*m - 11984 = -2784*m. What is the remainder when 2574 is divided by m?
6
Let m(q) = 11 - q**3 + 9*q + 5 - 3*q + 6*q**2. Let u be m(7). Suppose 3*o - 12 = u. What is the remainder when 13 is divided by o?
6
Let r be 5*2/5 + (3 - 5). What is the remainder when 7 is divided by 6 + r/(2 + 0/(-5))?
1
Let h(y) be the third derivative of -y**6/120 - 5*y**4/24 + 11*y**3/6 + 8*y**2 - 4*y. What is the remainder when 99 is divided by h(-3)?
46
Suppose 0*g = -3*k - 4*g + 213, 0 = 3*g. Suppose -x = -0*y - 4*y + 44, 4*x = -4*y + 64. What is the remainder when k is divided by 2 + 5 + 2 + (y - 3)?
17
Let u = -367 + 393. Suppose -1661 = -u*k - 23. Calculate the remainder when k is divided by 40.
23
Calculate the remainder when 162864/182*7/2 is divided by 33.
30
Suppose 14*c - 4889 = 5639. What is the remainder when c is divided by 251?
250
Suppose 2*z + z = -6*z. Suppose 30*p - 1646 - 1474 = z. Calculate the remainder when p is divided by 21.
20
Let f(c) = -260*c + 6576. Calculate the remainder when f(23) is divided by 12.
8
Let q(f) = 3*f**2 + 9*f + 17. Calculate the remainder when q(-5) is divided by (35/4)/(2359/2696).
7
Calculate the remainder when 20/6*42/5 is divided by 3*((-336)/21 + 15 - (-3 - 1)).
1
Suppose -9*i + 120 = i. What is the remainder when 39 is divided by -3*2/i*-2*10?
9
Let v = 319 - 482. Let q = v - -472. Calculate the remainder when q is divided by 26.
23
Let a be ((-170)/(-25))/(2/40). Suppose 3*t - 59 = a. Calculate the remainder when t is divided by 21 + 8*(-4)/8.
14
Let t(k) = -4973*k - 14866. Calculate the remainder when t(-3) is divided by (6/8 + 0)*24.
17
Let m = -4374 - -4432. Calculate the remainder when 226 is divided by m.
52
Suppose -37*v + 28*v + 45 = 0. Suppose 2*n + v*d = 321, 3*n + 43*d - 473 = 44*d. Calculate the remainder when n is divided by 18.
14
Suppose -5 - 15 = 4*n, 153 = -c + 3*n. Let q = -148 - c. Calculate the remainder when q is divided by 6.
2
What is the remainder when 456 is divided by (8 + (-1 - 6))*121?
93
Let k be 115/20 + 4/16. Let l = k - -52. What is the remainder when l is divided by 21?
16
What is the remainder when 2703 is divided by -2 + -5 + 1*365/5?
63
Suppose 3 = 2*x + r, x + 5*r = 10*r - 4. Calculate the remainder when 15*(2 - -6*x/(-6)) is divided by 6.
3
Let g(m) = 4*m**2 - 10*m + 11. Let d be g(1). Calculate the remainder when 179 - (d/8 + 66/176) is divided by 12.
10
Let m(b) = 98 - 7*b + 22*b - b**3 - 80. Let a be m(-7). Suppose 4*w - a = -8. Calculate the remainder when w is divided by 13.
10
Let x = -238 - -458. What is the remainder when x is divided by 49?
24
Let r = 190 - 206. What is the remainder when 138 is divided by 2*-3 - (r - 0)?
8
Calculate the remainder when 1173 is divided by (((-700)/49)/(-10))/((-1)/(-42)).
33
Let s = -63 + 116. Suppose 0*o + 2*o = -3*u + s, 0 = -4*u - 5*o + 73. Let j = u + -6. Calculate the remainder when 43 is divided by j.
10
Let d = 19 - 4. Let o = 0 + 11. What is the remainder when d/(-12) + 616/32 is divided by o?
7
Suppose -2*z - 2*q = -858, 319*q + 28 = 315*q. What is the remainder when z is divided by 161?
114
Let c(r) = -r**2 - 64*r + 93. Calculate the remainder when c(-35) is divided by 43.
33
Suppose -4*u - u + 4*s + 6 = 0, -4*s = 4*u - 12. Suppose 37 = 3*n + 25, -3*g = -3*n + 21. What is the remainder when g/u + 10728/48 is divided by 45?
42
Suppose -4*y = -495*g + 497*g - 606, 0 = -g - 5*y + 297. Calculate the remainder when g is divided by 112.
83
Let z(x) = 20*x**2 - 73*x - 9. Calculate the remainder when 227 is divided by z(4).
18
Calculate the remainder when 324 - (-18 + 224/14) is divided by 113.
100
Suppose -38 = -3*n + 2*p, 8*p - 10*p = -4. What is the remainder when 46 is divided by n?
4
Suppose 48*y - 6962 = 43*y - 3*r, 0 = -3*y - 2*r + 4176. Calculate the remainder when 2794 is divided by y.
2
Let x(d) = 2*d**3 - 137*d**2 + 69*d + 10. Calculate the remainder when 339 is divided by x(68).
27
Suppose -3*h = 3, -62 = -4*o - h - 79. What is the remainder when 701 is divided by (-3 + 1)/o + (-155)/(-2)?
77
Let u(v) = -3*v**2 - 253*v + 467. What is the remainder when 1775 is divided by u(-86)?
36
Suppose r - 26837 = -3*x, -3*x + 34*r + 26857 = 30*r. What is the remainder when x is divided by 179?
176
What is the remainder when 216 is divided by (-4 - (-9)/3) + 3 - -103?
6
Let t(d) = d**3 + 154*d**2 + 435*d - 750. Calculate the remainder when t(-151) is divided by 328.
0
Let f(o) = -2*o**3 - 6*o**2 - 4*o. Suppose 2*g = 30 - 10. Suppose 0 = 4*t + 26 - g. What is the remainder when f(t) is divided by 13?
9
Suppose -2*r - r = 12. Let y(k) = k**3 + 4*k**2 + k + 5. Let j be y(r). What is the remainder when 27 is divided by j + -5 + 10/1?
3
Let d = -20 - -10. Let a(m) = -m**3 - 10*m**2 - 2*m + 10. Calculate the remainder when 21/(-14)*1480/(-15) is divided by a(d).
28
Suppose -524 = 2*s - 78. Let x = 579 - 710. Let g = x - s. Calculate the remainder when g is divided by 16.
12
Calculate the remainder when 1800 is divided by (((-45)/(-20))/9)/((-45)/(-1980)).
7
Let b = 3602 - 3439. What is the remainder when b is divided by 62?
39
Let z(b) = -b**3 - b**2 - 2. Let g be z(0). Suppose -39*h + 37*h + 28 = 0. Let j = g + h. Calculate the remainder when 44 is divided by j.
8
Let u(w) = -96*w + 1. Let o(g) = g**3 - 21*g**2 - 21*g - 32. Let r be o(22). Let h = 15 - r. Calculate the remainder when u(-1) is divided by h.
22
Let o = 316 + -310. Suppose -25 = -2*x + 5*p, -o*x + 11*x = p + 120. What is the remainder when 36 is divided by x?
11
Let n = -52 - -107. Let p(k) = -k**3 + 22*k**2 + 48*k - 19. Let m be p(24). What is the remainder when n is divided by (-2)/((1/3)/(m/6))?
17
Let d be 0 - (24/4 + -2). Suppose -6*h + 66 = -h - 3*r, -2*r = -3*h + 39. Calculate the remainder when (2 - -2)*(-27)/d is divided by h.
12
Let s = -433 + 455. Let p(k) = k**3 - 4*k**2 - k - 4. What is the remainder when s is divided by p(5)?
6
Suppose 0 = 5*n + 2*j - 36, -22*n = -21*n - 3*j + 20. Suppose 0*b - 3*b + 3 = 0. Calculate the remainder when n is divided by 0 + (b - (-2)/1).
1
Suppose 274*y - 45570 = 239*y. Calculate the remainder when 3917 is divided by y.
11
Suppose -18*x = -12993 - 2757. What is the remainder when x is divided by 60?
35
Let y(r) = -r**3 + 10*r**2 + 19*r. Let t be y(8). Let l = -46 + t. Calculate the remainder when l is divided by 47.
46
Suppose -41*x - 37881 = -62*x - 40*x. Calculate the remainder when x is divided by 310.
1
Suppose -2*n + 70 = 2*p, -7*n - 5*p = -9*n + 91. Let q = 244 - 408. Let r = -89 - q. Calculate the remainder when r is divided by n.
37
Suppose 2*s - 84*t - 220 = -87*t, 111 = s + t. Suppose 0 = 2*y - y - 5. Calculate the remainder when s is divided by 1 - y/((-5)/12).
9
Let o(d) = 11*d + 1. Let r be o(7). Let f = r + -52. What is the remainder when f is divided by 9/5 + 1/5?
0
Let o be 248/1*6/12. Suppose 6*y - 9*y + 309 = 0. Let v = o - y. Calculate the remainder when v is divided by 12.
9
Suppose -63*y = 318 - 129 - 2331. Calculate the remainder when 51 is divided by y.
17
Let k = 53 - 60. Let y(m) = m**3 + 10*m**2 + 14*m + 16. Let q be y(k). Suppose 29 - q = -2*r. Calculate the remainder when 53 is divided by r.
17
Let u(g) = 6*g + 1156. Calculate the remainder when u(7) is divided by 1178.
20
Suppose -677 - 463 = -12*n. What is the remainder when n is divided by 10?
5
Suppose 3*i + 596*z - 593*z - 6312 = 0, 5*z - 6322 = -3*i. Calculate the remainder when i is divided by 678.
65
Let a = 3388 - 3330. What is the remainder when a is divided by (-32)/(-3) + (-16)/24?
8
Suppose -13*o - 14637 = -44*o - 10*o. Calculate the remainder when o is divided by 92.
81
Let p be 11966/(-4) + (-15)/(-150)*-5. Let z = -1935 - p. What is the remainder when z is divided by 23?
22
Suppose -6*i = -9*i - 18. Let o = i + 21. What is the remainder when 51/2 - 28/(-8) is divided by o?
14
Suppose 5*h - 6*d + 5*d = 1543, -1539 = -5*h + 3*d. What is the remainder when h is divided by 10?
9
Suppose 0 = -128*i + 131*i + 3*f - 267, 335 = 4*i - 3*f. What is the remainder when 321 is divided by i?
63
Let h = 9869 + -6353. What is the remainder when h is divided by 17?
14
Suppose -54 = -5*j + 21. Suppose -2*g - 5*z = -124, -g = -3*z + 42 - 115. What